9, what is 1 - 8213435?
-8213434
In base 2, what is 0 + -1000100110010011111111?
-1000100110010011111111
In base 13, what is -792 + 4691?
3bcc
In base 9, what is -10 - 1714152?
-1714162
In base 4, what is 3 + -203303122320?
-203303122311
In base 10, what is -401101 + -1312?
-402413
In base 9, what is -554845 - 2110?
-557055
In base 7, what is -131660 + 60?
-131600
In base 2, what is 110111001011110100101 - -1011101?
110111001100000000010
In base 4, what is 13032100020 - -31?
13032100111
In base 12, what is 2 + -15b920?
-15b91a
In base 8, what is -2513 - -3540?
1025
In base 6, what is 1451 + 343242?
345133
In base 11, what is 917 - 44a56a?
-449753
In base 16, what is -69d00c + 5?
-69d007
In base 2, what is 0 + 1000011010111111110011010?
1000011010111111110011010
In base 8, what is -5 - -24042523?
24042516
In base 5, what is -310 - -10133041?
10132231
In base 14, what is -36b442 + -7?
-36b449
In base 4, what is 20 + -22322030003?
-22322023323
In base 5, what is 103 - -131020012?
131020120
In base 11, what is 5 + -69054671?
-69054667
In base 6, what is -1212111510 - -30?
-1212111440
In base 2, what is -11100110010011111110010111010 - -11?
-11100110010011111110010110111
In base 16, what is 1f - -828db?
828fa
In base 16, what is 4 + 2ebc05?
2ebc09
In base 8, what is 125504 + -56?
125426
In base 5, what is 43343 - 14301?
24042
In base 15, what is -48d92 + -49?
-48ddb
In base 10, what is 997003 + 2?
997005
In base 9, what is -25872 + -852?
-26834
In base 12, what is 1034a070 + 0?
1034a070
In base 9, what is -1384 + 3120?
1625
In base 8, what is 43422 - -2411?
46033
In base 7, what is 4 + -316413053?
-316413046
In base 12, what is 36699a8 + 4?
36699b0
In base 15, what is -2 - -11a12d9?
11a12d7
In base 10, what is 2977 - 206224?
-203247
In base 13, what is -3353 - -1b77b?
18428
In base 15, what is 6e54048 + -5?
6e54043
In base 2, what is -10001 - 10011001101011101010111?
-10011001101011101101000
In base 8, what is 150343 - -252?
150615
In base 11, what is -1a129a565 - 3?
-1a129a568
In base 11, what is 87 + -761a99?
-761a12
In base 6, what is 3055513421 - -25?
3055513450
In base 14, what is 175d + -2a3?
149a
In base 13, what is 5 + -68634b?
-686346
In base 13, what is -8390 + -6065?
-11425
In base 2, what is 10011001000001111010111 - -10?
10011001000001111011001
In base 4, what is 130320323 + 1010?
130321333
In base 3, what is -11020201 - 11120112010?
-11201202211
In base 9, what is 2042 - 283330?
-281277
In base 6, what is -12 - -51103124?
51103112
In base 7, what is -2110046336 + -1?
-2110046340
In base 15, what is 1 + 45bd7ea?
45bd7eb
In base 3, what is 2000111211 + 22101?
2000211012
In base 10, what is 312297978 - 1?
312297977
In base 2, what is -10111110010000111111101 - -100101?
-10111110010000111011000
In base 2, what is -1 - 111111011101011000?
-111111011101011001
In base 4, what is 3 - 13120310211301?
-13120310211232
In base 14, what is b7 + -a62?
-989
In base 15, what is -a - -4c1a4d?
4c1a43
In base 3, what is 11 + 1101201001210110?
1101201001210121
In base 13, what is -16b5514 - -6?
-16b550b
In base 15, what is 799c - -5c?
7a09
In base 3, what is -120110121202020 + -12?
-120110121202102
In base 4, what is -1 + -1003121030111?
-1003121030112
In base 8, what is -36370 - -12326?
-24042
In base 10, what is 1071072 - 121?
1070951
In base 14, what is 5 - 2084c3?
-2084bc
In base 12, what is -19307b5 - 2?
-19307b7
In base 3, what is -22111110221100210 - 0?
-22111110221100210
In base 2, what is -11101100 + -10101110100111100?
-10101111000101000
In base 4, what is -1311323120003 + 3?
-1311323120000
In base 8, what is 126465 + -310?
126155
In base 15, what is 3 - -9a16654?
9a16657
In base 8, what is 1554472 - 1367?
1553103
In base 2, what is 0 - 1001111010011100100?
-1001111010011100100
In base 4, what is 11 + 10123013?
10123030
In base 14, what is 3 - 2c575995?
-2c575992
In base 12, what is 32a25 + -a?
32a17
In base 10, what is -6993741 + 2?
-6993739
In base 2, what is -100101 - 10001101101110100111?
-10001101101111001100
In base 3, what is -1120111 - -122200?
-220211
In base 2, what is -1 - 1110111110000001011011000000?
-1110111110000001011011000001
In base 4, what is -2333303 + -2202?
-3002111
In base 16, what is 2373ff - 0?
2373ff
In base 7, what is 10335 + -1552?
5453
In base 13, what is -9 - 6c8a09?
-6c8a15
In base 13, what is -4b582 + -31?
-4b5b3
In base 10, what is 78 - -28994?
29072
In base 13, what is -108 + -194b4?
-195bc
In base 8, what is 3372 + -521522?
-516130
In base 13, what is -3 + -92784?
-92787
In base 2, what is -1000011110010 - 100010110110010?
-101011010100100
In base 14, what is -2 + 1c027cd?
1c027cb
In base 12, what is 1 - -883307?
883308
In base 10, what is 4742 + -640?
4102
In base 12, what is -4 - -144873a4?
144873a0
In base 2, what is 1 - 1010001000100010000110?
-1010001000100010000101
In base 6, what is -155 + 1215214?
1215015
In base 3, what is 1111102 + -212020120122?
-212012002020
In base 5, what is -31304 + 11410331?
11324022
In base 16, what is -67 - -17cff7?
17cf90
In base 10, what is -4 - 61527865?
-61527869
In base 10, what is 214262 - 4?
214258
In base 14, what is -2d41a + 186?
-2d274
In base 3, what is -102000100221220 - -11?
-102000100221202
In base 6, what is -3234 + -124333?
-132011
In base 11, what is 2 + -15701624?
-15701622
In base 12, what is -90b + -8b6?
-1605
In base 2, what is -1001101110 + -1011001110000?
-1100011011110
In base 2, what is 100 - -1010011101101011111000?
1010011101101011111100
In base 2, what is -10 - -101110100110100111001000?
101110100110100111000110
In base 10, what is 1570 - 24003?
-22433
In base 14, what is b2 - 5a7a?
-59a8
In base 5, what is -124113012 + -334?
-124113401
In base 8, what is -1663 - 171225?
-173110
In base 16, what is 8c247b + -5?
8c2476
In base 4, what is 20331330230 - 100?
20331330130
In base 7, what is -3 + -1026653261?
-1026653264
In base 13, what is -18 - -45b11?
45ac6
In base 13, what is 4 + -1bc0341?
-1bc033a
In base 13, what is -9 - -b609b?
b6092
In base 7, what is -66002251 + 1?
-66002250
In base 15, what is 1d8ed + -94?
1d859
In base 6, what is -40130431 - 54?
-40130525
In base 14, what is -1205 - 3bc6a?
-3d071
In base 8, what is 31 - 26145246?
-26145215
In base 12, what is b3a8b25 + -1?
b3a8b24
In base 6, what is 24413 + 11033?
35450
In base 4, what is -22 - 10233330222?
-10233330310
In base 4, what is 10321002231221 + 11?
10321002231232
In base 9, what is -43 + 780657?
780614
In base 13, what is -14c773a2 + 0?
-14c773a2
In base 7, what is -101560502 + 32?
-101560440
In base 8, what is 1515114 - -225?
1515341
In base 5, what is -2 - -421311102?
421311100
In base 11, what is 1a46894 - -4?
1a46898
In base 5, what is 4 - -10144211?
10144220
In base 10, what is -2 + 3598324?
3598322
In base 6, what is 11530451441 + 5?
11530451450
In base 6, what is -353304 + 24231?
-325033
In base 7, what is 2122515 + -36?
2122446
In base 4, what is 3 + -21011122021?
-21011122012
In base 12, what is 254a - 21065?
-1a717
In base 7, what is -524 + -25355?
-26212
In base 5, what is 20213333331 - 10?
20213333321
In base 16, what is 2af - 15abb?
-1580c
In base 5, what is -23003010 - 130?
-23003140
In base 8, what is -51760 - 3767?
-55747
In base 11, what is -352900 + -7?
-352907
In base 9, what is 22654 - 12810?
8744
In base 9, what is 24353 + -380?
23863
In base 4, what is -133 + 311211011?
311210212
In base 8, what is 7540635 - 1?
7540634
In base 5, what is 3342 + -113342344?
-113334002
In base 6, what is 145 - -22225323?
22225512
In base 13, what is 1374 - a92?
5b2
In base 15, what is -54cb - -27c?
-524e
In base 16, what is b511 - 3dff?
7712
In base 15, what is 1 + -109e982?
-109e981
In base 9, what is 1115460372 - -4?
1115460376
In base 6, what is 0 - -240213323?
240213323
In base 14, what is 3 - 1408dd7?
-1408dd4
In base 11, what is 19110 - -348?
19458
In base 5, what is -21234304 + -4?
-21234313
In base 5, what is -10323114 + 1221?
-10321343
In base 8, what is -1423 - 13347?
-14772
In base 13, what is 29 - -2b05760?
2b05789
In base 14, what is -2 - -2950ba3?
2950ba1
In base 11, what is -28532091 - 7?
-28532098
In base 3, what is 201 + -2121200221200?
-2121200220222
In base 14, what is -5 - -4748119?
4748114
In base 2, what is -1110110000 - -11111110?
-1010110010
In base 6